 of 986873080?
0
What is the units digit of 40236569?
9
What is the hundreds digit of 20248470?
4
What is the units digit of 37173045?
5
What is the billions digit of 2495430231?
2
What is the thousands digit of 709327258?
7
What is the ten thousands digit of 102890841?
9
What is the millions digit of 367489041?
7
What is the millions digit of 4467085?
4
What is the millions digit of 573824355?
3
What is the tens digit of 56218871?
7
What is the tens digit of 206892743?
4
What is the ten thousands digit of 185400070?
0
What is the thousands digit of 391458094?
8
What is the millions digit of 3316933?
3
What is the hundred millions digit of 1936186804?
9
What is the thousands digit of 255044416?
4
What is the thousands digit of 845928930?
8
What is the units digit of 2869447533?
3
What is the ten thousands digit of 121851529?
5
What is the millions digit of 1311846182?
1
What is the tens digit of 1582548403?
0
What is the ten millions digit of 374009032?
7
What is the ten millions digit of 1615180097?
1
What is the units digit of 4515051199?
9
What is the ten millions digit of 303023871?
0
What is the hundreds digit of 109633039?
0
What is the ten thousands digit of 1427273847?
7
What is the millions digit of 699756587?
9
What is the ten millions digit of 187677689?
8
What is the thousands digit of 363118731?
8
What is the thousands digit of 14408088?
8
What is the tens digit of 1002117796?
9
What is the millions digit of 302797079?
2
What is the millions digit of 1204973951?
4
What is the hundreds digit of 87754813?
8
What is the hundreds digit of 91549640?
6
What is the ten millions digit of 27021304?
2
What is the millions digit of 60848007?
0
What is the ten thousands digit of 6360445862?
4
What is the units digit of 78726378?
8
What is the tens digit of 749953634?
3
What is the ten thousands digit of 249033776?
3
What is the millions digit of 70124120?
0
What is the thousands digit of 122232042?
2
What is the ten millions digit of 294343743?
9
What is the thousands digit of 82217126?
7
What is the ten thousands digit of 3413348708?
4
What is the hundreds digit of 6432661?
6
What is the thousands digit of 105928581?
8
What is the millions digit of 82795037?
2
What is the millions digit of 81958383?
1
What is the millions digit of 39660475?
9
What is the hundred thousands digit of 153069211?
0
What is the millions digit of 9361748908?
1
What is the ten millions digit of 82715035?
8
What is the millions digit of 20786116?
0
What is the hundreds digit of 46097506?
5
What is the hundred millions digit of 446595985?
4
What is the hundreds digit of 58811879?
8
What is the hundreds digit of 31023606?
6
What is the ten thousands digit of 70622253?
2
What is the units digit of 99420712?
2
What is the hundreds digit of 116804907?
9
What is the hundred thousands digit of 97168721?
1
What is the thousands digit of 59722347?
2
What is the thousands digit of 506827644?
7
What is the tens digit of 886569253?
5
What is the millions digit of 1299583065?
9
What is the hundreds digit of 4509449?
4
What is the tens digit of 3636448635?
3
What is the tens digit of 1004259493?
9
What is the thousands digit of 155257673?
7
What is the tens digit of 606235751?
5
What is the millions digit of 1674698070?
4
What is the ten millions digit of 688519740?
8
What is the ten millions digit of 82771789?
8
What is the hundred thousands digit of 128633247?
6
What is the thousands digit of 103035134?
5
What is the ten millions digit of 19028316?
1
What is the hundred millions digit of 8047693541?
0
What is the ten thousands digit of 842524701?
2
What is the thousands digit of 673707091?
7
What is the units digit of 774972035?
5
What is the millions digit of 504677870?
4
What is the millions digit of 1213983599?
3
What is the hundred thousands digit of 33411187?
4
What is the ten thousands digit of 2815001085?
0
What is the units digit of 618164697?
7
What is the millions digit of 23218241?
3
What is the hundreds digit of 130128775?
7
What is the units digit of 1088830923?
3
What is the billions digit of 2234739627?
2
What is the tens digit of 129712111?
1
What is the ten thousands digit of 837133716?
3
What is the hundred thousands digit of 845564820?
5
What is the hundred thousands digit of 85148382?
1
What is the thousands digit of 83213003?
3
What is the hundred thousands digit of 19437377?
4
What is the hundred thousands digit of 4974275999?
2
What is the ten millions digit of 986800641?
8
What is the hundreds digit of 9312439?
4
What is the tens digit of 82860158?
5
What is the thousands digit of 52697938?
7
What is the hundreds digit of 1952677146?
1
What is the hundred thousands digit of 222587669?
5
What is the thousands digit of 92044893?
4
What is the ten millions digit of 116185865?
1
What is the millions digit of 140516914?
0
What is the units digit of 341094055?
5
What is the hundred millions digit of 133017976?
1
What is the ten thousands digit of 195073912?
7
What is the ten millions digit of 24692023?
2
What is the hundreds digit of 405671215?
2
What is the hundred millions digit of 547038222?
5
What is the tens digit of 2560050514?
1
What is the thousands digit of 7470966450?
6
What is the millions digit of 465096587?
5
What is the hundred millions digit of 401508795?
4
What is the ten millions digit of 51231216?
5
What is the tens digit of 18625151?
5
What is the hundreds digit of 1577682115?
1
What is the units digit of 198381261?
1
What is the millions digit of 818266733?
8
What is the tens digit of 17934710?
1
What is the hundreds digit of 7023074?
0
What is the millions digit of 1394397259?
4
What is the hundred thousands digit of 5818344316?
3
What is the millions digit of 182626513?
2
What is the hundred thousands digit of 1245915932?
9
What is the units digit of 231364105?
5
What is the millions digit of 5140557063?
0
What is the hundred thousands digit of 43744178?
7
What is the tens digit of 18149054?
5
What is the billions digit of 2025743095?
2
What is the ten millions digit of 24259756?
2
What is the thousands digit of 16735423?
5
What is the ten thousands digit of 27665222?
6
What is the hundred thousands digit of 1214113039?
1
What is the hundred thousands digit of 11468007?
4
What is the hundred millions digit of 188601862?
1
What is the ten thousands digit of 61966797?
6
What is the hundreds digit of 301542821?
8
What is the thousands digit of 63502267?
2
What is the tens digit of 35457694?
9
What is the ten millions digit of 133987885?
3
What is the ten thousands digit of 6140426786?
2
What is the ten millions digit of 11777192?
1
What is the ten thousands digit of 2332565?
3
What is the thousands digit of 458793054?
3
What is the millions digit of 79498892?
9
What is the hundreds digit of 75166272?
2
What is the billions digit of 5449172090?
5
What is the hundred thousands digit of 3607979012?
9
What is the millions digit of 107696105?
7
What is the units digit of 527277351?
1
What is the units digit of 3006761386?
6
What is the hundred millions digit of 229404734?
2
What is the hundred millions digit of 140308793?
1
What is the thousands digit of 49259667?
9
What is the tens digit of 1667232222?
2
What is the thousands digit of 3373793432?
3
What is the hundreds digit of 167114183?
1
What is the ten millions digit of 1423257847?
2
What is the hundred thousands digit of 228190972?
1
What is the ten millions digit of 406130198?
0
What is the hundred millions digit of 168185798?
1
What is the millions digit of 327525454?
7
What is the units digit of 3576124?
4
What is the units digit of 1986309344?
4
What is the ten thousands digit of 67430016?
3
What is the hundreds digit of 391651806?
8
What is the ten millions digit of 91900711?
9
What is the ten millions digit of 2665916232?
6
What is the ten millions digit of 2337258496?
3
What is the thousands digit of 1111360?
1
What is the hundred thousands digit of 1431968630?
9
What is the ten thousands digit of 51721033?
2
What is the tens digit of 30241767?
6
What is the hundreds digit of 702991216?
2
What is the ten millions digit of 58960754?
5
What is the millions digit of 1750040?
1
What is the thousands digit of 19688700?
8
What is the millions digit of 20604313?
0
What is the tens digit